{"id":64,"date":"2020-08-06T09:04:29","date_gmt":"2020-08-06T07:04:29","guid":{"rendered":"https:\/\/demo.markt-au.de\/maria-de-la-paz\/?page_id=64"},"modified":"2022-09-05T13:46:31","modified_gmt":"2022-09-05T11:46:31","slug":"sprech-und-oeffnungszeiten","status":"publish","type":"page","link":"https:\/\/markt-au.de\/maria-de-la-paz\/kontakt\/sprech-und-oeffnungszeiten\/","title":{"rendered":"Sprech- und \u00d6ffnungszeiten"},"content":{"rendered":"<h1>Sprech- und \u00d6ffnungszeiten<\/h1>\n<p><img decoding=\"async\" src=\"\/maria-de-la-paz\/wp-content\/uploads\/sites\/5\/2020\/08\/mdlp_unterstrich.svg\" alt=\"\"><\/p>\n<h2>\n<p>Telefonische Erreichbarkeit und Sprechzeiten<\/p>\n<\/h2>\n<div>\n<div>Mit der Gruppenleiterin oder der Kindergartenleiterin k\u00f6nnen die Eltern bei Bedarf Gespr\u00e4chstermine vereinbaren. <\/p>\n<p><strong><em>Das B\u00fcrotelefon ist immer von 8:00 Uhr bis\u00a0 12:00 Uhr durchg\u00e4ngig erreichbar.<\/em><\/strong><\/p>\n<\/div>\n<div><strong>Telefonische Anfragen und Mitteilungen in den Gruppen bitten wir nach M\u00f6glichkeit, nur in der Zeit von 7.00 Uhr \u2013 8.15 Uhr oder ab 11.45 Uhr zu legen<\/strong>, da sonst die p\u00e4dagogische Arbeit in den Gruppen zu sehr gest\u00f6rt wird.<\/p>\n<\/div>\n<div><\/div>\n<div>Wenn ein Kind \u00fcber einen l\u00e4ngeren Zeitraum fehlt, ist es angebracht, sich zwischendurch einmal zu erkundigen, ob es eine wichtige Nachricht f\u00fcr die Eltern gibt, ob ein Elternabend bzw. eine Elternaktion ansteht usw.<\/div>\n<\/div>\n<h2>Kindergarten<\/h2>\n<p>[location]<\/p>\n<h3>Unsere Adresse<\/h3>\n<div>\n<p>Integrativer Kindergarten Maria de la Paz<br \/>Klosterberg 15<br \/>84072 Au in der Hallertau<br \/>Leitung: Anja Brunner<\/p>\n<\/div>\n<hr>\n<p>[mail]<\/p>\n<h3>Kontakt<\/h3>\n<div>\n<p><strong>Telefon (B\u00fcro):<\/strong> +49 (0) 87 52 \/ 5 73<br \/><strong>Telefax:<\/strong> +49 (0) 87 52 \/ 86 69 91 <br \/><strong>E-Mail:<\/strong> leitung@kigamdlp.de<\/p>\n<\/div>\n<hr>\n<p>[user]<\/p>\n<h3>Ansprechpartner<\/h3>\n<div>\n<p><strong><\/strong><strong>Anja Brunner<\/strong> (Kindergartenleitung)<br \/><strong>Sabrina Ziegler<\/strong> (stv. Kindergartenleitung)<\/p>\n<\/div>\n<h2>Tr\u00e4ger<\/h2>\n<p>[location]<\/p>\n<h3>Unsere Adresse<\/h3>\n<div>\n<p>Markt Au i. d. Hallertau<br \/>Untere Hauptstra\u00dfe 2<br \/>84072 Au i. d. Hallertau<\/p>\n<\/div>\n<hr>\n<p>[mail]<\/p>\n<h3>Kontakt<\/h3>\n<div>\n<p><strong>Telefon: <\/strong><a href=\"tel:+4987521780\">+49 (0) 8752 &#8211; 178-0<\/a><br \/><strong>E-Mail:<\/strong> <a href=\"mailto:info@markt-au.de\">info@markt-au.de<\/a><\/p>\n<\/div>\n<h2>Kindergartenreferentinnen<\/h2>\n<p>[user]<\/p>\n<h3>Kontakt<\/h3>\n<div>\n<p><strong>Beatrix Sebald: <br \/><\/strong><a href=\"mailto:mgr_sebald@markt-au.de\">mgr_sebald@markt-au.de<\/a><\/p>\n<p><strong>Franz Westermair: <\/strong><br \/><a href=\"mailto:mgr_westermair@markt-au.de\">mgr_westermair@markt-au.de<\/a><\/p>\n<\/div>\n<h2>\n<p>Kontakt zu unseren Gruppen<\/p>\n<\/h2>\n<ul>\n<li>\n<p>        <img decoding=\"async\" src=\"\/maria-de-la-paz\/wp-content\/uploads\/sites\/5\/2020\/08\/kaefer.svg\" alt=\"\"><\/p>\n<h4>K\u00e4fergruppe<\/h4>\n<div>\n<p><a href=\"tel:+4987528664181\">Telefon: 08752 \/ 86 64 18\u20131<\/a><\/p>\n<\/p>\n<\/div>\n<\/li>\n<li>\n<p>        <img decoding=\"async\" src=\"\/maria-de-la-paz\/wp-content\/uploads\/sites\/5\/2020\/08\/igel.svg\" alt=\"\"><\/p>\n<h4>Igelgruppe<\/h4>\n<div>\n<p><a href=\"tel:+4987528664182\">Telefon: 08752 \/ 86 64 18\u20132<\/a><\/p>\n<\/p>\n<\/div>\n<\/li>\n<li>\n<p>        <img decoding=\"async\" src=\"\/maria-de-la-paz\/wp-content\/uploads\/sites\/5\/2020\/08\/schmetterling.svg\" alt=\"\"><\/p>\n<h4>Schmetterlingsgruppe<\/h4>\n<div>\n<p><a href=\"tel:+4987528664183\">Telefon: 08752 \/ 86 64 18\u20133<\/a><strong><\/strong><\/p>\n<\/div>\n<\/li>\n<li>\n<p>        <img decoding=\"async\" src=\"\/maria-de-la-paz\/wp-content\/uploads\/sites\/5\/2020\/08\/maus.svg\" alt=\"\"><\/p>\n<h4>M\u00e4usegruppe<\/h4>\n<div>\n<p><a href=\"tel:+4987528664184\">Telefon: 08752 \/ 86 64 18\u20134<\/a><\/p>\n<\/div>\n<\/li>\n<li>\n<p>        <img decoding=\"async\" src=\"\/maria-de-la-paz\/wp-content\/uploads\/sites\/5\/2020\/08\/baer.svg\" alt=\"\"><\/p>\n<h4>B\u00e4rengruppe<\/h4>\n<div>\n<p><a href=\"tel:+4987528664185\">Telefon: 08752 \/ 86 64 18\u20135<\/a><\/p>\n<\/div>\n<\/li>\n<\/ul>\n<p><!--more--><br \/>\n<!-- {\"type\":\"layout\",\"children\":[{\"type\":\"section\",\"props\":{\"style\":\"default\",\"width\":\"default\",\"vertical_align\":\"middle\",\"title_position\":\"top-left\",\"title_rotation\":\"left\",\"title_breakpoint\":\"xl\",\"image_position\":\"center-center\",\"padding_remove_bottom\":true},\"children\":[{\"type\":\"row\",\"children\":[{\"type\":\"column\",\"props\":{\"image_position\":\"center-center\",\"media_overlay_gradient\":\"\",\"position_sticky_breakpoint\":\"m\"},\"children\":[{\"type\":\"headline\",\"props\":{\"title_element\":\"h1\",\"content\":\"Sprech- und \\u00d6ffnungszeiten\"}},{\"type\":\"image\",\"props\":{\"margin\":\"default\",\"image_svg_color\":\"secondary\",\"image\":\"wp-content\\\/uploads\\\/sites\\\/5\\\/2020\\\/08\\\/mdlp_unterstrich.svg\",\"image_width\":\"200\",\"image_svg_inline\":true,\"image_svg_animate\":true,\"margin_remove_top\":true,\"position\":\"relative\",\"position_top\":\"-20\"}}]}]}]},{\"type\":\"section\",\"props\":{\"style\":\"default\",\"width\":\"default\",\"vertical_align\":\"middle\",\"title_position\":\"top-left\",\"title_rotation\":\"left\",\"title_breakpoint\":\"xl\",\"image_position\":\"center-center\",\"padding_remove_bottom\":false},\"children\":[{\"type\":\"row\",\"props\":{\"layout\":\"2-3,1-3\"},\"children\":[{\"type\":\"column\",\"props\":{\"image_position\":\"center-center\",\"media_overlay_gradient\":\"\",\"width_medium\":\"2-3\",\"position_sticky_breakpoint\":\"m\"},\"children\":[{\"type\":\"headline\",\"props\":{\"title_element\":\"h2\",\"content\":\"\n\n<p>Telefonische Erreichbarkeit und Sprechzeiten<\\\/p>\",\"margin_remove_bottom\":true,\"title_color\":\"secondary\"}},{\"type\":\"text\",\"props\":{\"margin\":\"default\",\"column_breakpoint\":\"m\",\"content\":\"\n\n<div>Mit der Gruppenleiterin oder der Kindergartenleiterin k\\u00f6nnen die Eltern bei Bedarf Gespr\\u00e4chstermine vereinbaren. <br \\\/><br \\\/><strong><em>Das B\\u00fcrotelefon ist immer von 8:00 Uhr bis\\u00a0 12:00 Uhr durchg\\u00e4ngig erreichbar.<\\\/em><\\\/strong><br \\\/><br \\\/><\\\/div>\\n\n\n<div><strong>Telefonische Anfragen und Mitteilungen in den Gruppen bitten wir nach M\\u00f6glichkeit, nur in der Zeit von 7.00 Uhr \\u2013 8.15 Uhr oder ab 11.45 Uhr zu legen<\\\/strong>, da sonst die p\\u00e4dagogische Arbeit in den Gruppen zu sehr gest\\u00f6rt wird.<br \\\/><br \\\/><\\\/div>\\n\n\n<div><\\\/div>\\n\n\n<div>Wenn ein Kind \\u00fcber einen l\\u00e4ngeren Zeitraum fehlt, ist es angebracht, sich zwischendurch einmal zu erkundigen, ob es eine wichtige Nachricht f\\u00fcr die Eltern gibt, ob ein Elternabend bzw. eine Elternaktion ansteht usw.<\\\/div>\"}}]},{\"type\":\"column\",\"props\":{\"image_position\":\"center-center\",\"media_overlay_gradient\":\"\",\"width_medium\":\"1-3\",\"padding\":\"small\",\"position_sticky_breakpoint\":\"m\"},\"children\":[]}]}]},{\"type\":\"section\",\"props\":{\"style\":\"default\",\"width\":\"default\",\"vertical_align\":\"middle\",\"title_position\":\"top-left\",\"title_rotation\":\"left\",\"title_breakpoint\":\"xl\",\"image_position\":\"center-center\"},\"children\":[{\"type\":\"row\",\"props\":{\"layout\":\"1-3,1-3,1-3\",\"margin\":\"small\"},\"children\":[{\"type\":\"column\",\"props\":{\"image_position\":\"center-center\",\"media_overlay_gradient\":\"\",\"width_medium\":\"1-3\",\"style\":\"muted\",\"padding\":\"small\",\"position_sticky_breakpoint\":\"m\"},\"children\":[{\"type\":\"headline\",\"props\":{\"title_element\":\"h2\",\"content\":\"Kindergarten\",\"text_align\":\"center\",\"title_color\":\"secondary\",\"title_style\":\"h3\"}},{\"type\":\"icon\",\"props\":{\"icon_width\":\"20\",\"margin\":\"small\",\"text_align\":\"center\",\"icon\":\"location\",\"icon_color\":\"secondary\",\"margin_remove_bottom\":false}},{\"type\":\"headline\",\"props\":{\"title_element\":\"h3\",\"content\":\"Unsere Adresse\",\"text_align\":\"center\",\"margin_remove_top\":false,\"margin\":\"small\",\"title_style\":\"h4\"}},{\"type\":\"text\",\"props\":{\"margin\":\"default\",\"column_breakpoint\":\"m\",\"content\":\"\n\n<p>Integrativer Kindergarten Maria de la Paz<br \\\/>Klosterberg 15<br \\\/>84072 Au in der Hallertau<br \\\/>Leitung: Anja Brunner<\\\/p>\",\"text_align\":\"center\",\"margin_remove_top\":true}},{\"type\":\"divider\",\"props\":{\"divider_element\":\"hr\"}},{\"type\":\"icon\",\"props\":{\"icon_width\":\"20\",\"margin\":\"small\",\"text_align\":\"center\",\"icon\":\"mail\",\"icon_color\":\"secondary\",\"margin_remove_bottom\":false}},{\"type\":\"headline\",\"props\":{\"title_element\":\"h3\",\"content\":\"Kontakt\",\"text_align\":\"center\",\"margin_remove_top\":false,\"margin\":\"small\",\"title_style\":\"h4\"}},{\"type\":\"text\",\"props\":{\"margin\":\"default\",\"column_breakpoint\":\"m\",\"content\":\"\n\n<p><strong>Telefon (B\\u00fcro):<\\\/strong> +49 (0) 87 52 \\\/ 5 73<br \\\/><strong>Telefax:<\\\/strong> +49 (0) 87 52 \\\/ 86 69 91 <br \\\/><strong>E-Mail:<\\\/strong> leitung@kigamdlp.de<\\\/p>\",\"text_align\":\"center\",\"margin_remove_top\":true}},{\"type\":\"divider\",\"props\":{\"divider_element\":\"hr\"}},{\"type\":\"icon\",\"props\":{\"icon_width\":\"20\",\"margin\":\"small\",\"text_align\":\"center\",\"icon\":\"user\",\"icon_color\":\"secondary\",\"margin_remove_bottom\":false}},{\"type\":\"headline\",\"props\":{\"title_element\":\"h3\",\"content\":\"Ansprechpartner\",\"text_align\":\"center\",\"margin_remove_top\":false,\"margin\":\"small\",\"title_style\":\"h4\"}},{\"type\":\"text\",\"props\":{\"margin\":\"default\",\"column_breakpoint\":\"m\",\"content\":\"\n\n<p><strong><\\\/strong><strong>Anja Brunner<\\\/strong> (Kindergartenleitung)<br \\\/><strong>Sabrina Ziegler<\\\/strong> (stv. Kindergartenleitung)<\\\/p>\",\"text_align\":\"center\",\"margin_remove_top\":true}}]},{\"type\":\"column\",\"props\":{\"image_position\":\"center-center\",\"media_overlay_gradient\":\"\",\"width_medium\":\"1-3\",\"style\":\"muted\",\"padding\":\"small\",\"position_sticky_breakpoint\":\"m\"},\"children\":[{\"type\":\"headline\",\"props\":{\"title_element\":\"h2\",\"content\":\"Tr\\u00e4ger\",\"text_align\":\"center\",\"title_color\":\"secondary\",\"title_style\":\"h3\"}},{\"type\":\"icon\",\"props\":{\"icon_width\":\"20\",\"margin\":\"small\",\"text_align\":\"center\",\"icon\":\"location\",\"icon_color\":\"secondary\",\"margin_remove_bottom\":false}},{\"type\":\"headline\",\"props\":{\"title_element\":\"h3\",\"content\":\"Unsere Adresse\",\"text_align\":\"center\",\"margin_remove_top\":true,\"margin\":\"small\",\"title_style\":\"h4\"}},{\"type\":\"text\",\"props\":{\"margin\":\"default\",\"column_breakpoint\":\"m\",\"content\":\"\n\n<p>Markt Au i. d. Hallertau<br \\\/>Untere Hauptstra\\u00dfe 2<br \\\/>84072 Au i. d. Hallertau<\\\/p>\",\"text_align\":\"center\",\"margin_remove_top\":true}},{\"type\":\"divider\",\"props\":{\"divider_element\":\"hr\"}},{\"type\":\"icon\",\"props\":{\"icon_width\":\"20\",\"margin\":\"small\",\"text_align\":\"center\",\"icon\":\"mail\",\"icon_color\":\"secondary\",\"margin_remove_bottom\":false}},{\"type\":\"headline\",\"props\":{\"title_element\":\"h3\",\"content\":\"Kontakt\",\"text_align\":\"center\",\"margin_remove_top\":false,\"margin\":\"small\",\"title_style\":\"h4\"}},{\"type\":\"text\",\"props\":{\"margin\":\"default\",\"column_breakpoint\":\"m\",\"content\":\"\n\n<p><strong>Telefon: <\\\/strong><a href=\\\"tel:+4987521780\\\">+49 (0) 8752 - 178-0<\\\/a><br \\\/><strong>E-Mail:<\\\/strong> <a href=\\\"mailto:info@markt-au.de\\\">info@markt-au.de<\\\/a><\\\/p>\",\"text_align\":\"center\",\"margin_remove_top\":true}}]},{\"type\":\"column\",\"props\":{\"image_position\":\"center-center\",\"media_overlay_gradient\":\"\",\"width_medium\":\"1-3\",\"style\":\"muted\",\"padding\":\"small\",\"position_sticky_breakpoint\":\"m\"},\"children\":[{\"type\":\"headline\",\"props\":{\"title_element\":\"h2\",\"content\":\"Kindergartenreferentinnen\",\"text_align\":\"center\",\"title_color\":\"secondary\",\"title_style\":\"h3\"}},{\"type\":\"icon\",\"props\":{\"icon_width\":\"20\",\"margin\":\"small\",\"text_align\":\"center\",\"icon\":\"user\",\"icon_color\":\"secondary\",\"margin_remove_bottom\":false}},{\"type\":\"headline\",\"props\":{\"title_element\":\"h3\",\"content\":\"Kontakt\",\"text_align\":\"center\",\"margin_remove_top\":false,\"margin\":\"small\",\"title_style\":\"h4\"}},{\"type\":\"text\",\"props\":{\"margin\":\"small\",\"column_breakpoint\":\"m\",\"content\":\"\n\n<p><strong>Beatrix Sebald: <br \\\/><\\\/strong><a href=\\\"mailto:mgr_sebald@markt-au.de\\\">mgr_sebald@markt-au.de<\\\/a><\\\/p>\\n\n\n<p><strong>Franz Westermair: <\\\/strong><br \\\/><a href=\\\"mailto:mgr_westermair@markt-au.de\\\">mgr_westermair@markt-au.de<\\\/a><\\\/p>\",\"text_align\":\"center\",\"margin_remove_top\":false}}]}]}]},{\"type\":\"section\",\"props\":{\"style\":\"default\",\"width\":\"default\",\"vertical_align\":\"middle\",\"title_position\":\"top-left\",\"title_rotation\":\"left\",\"title_breakpoint\":\"xl\",\"image_position\":\"center-center\"},\"children\":[{\"type\":\"row\",\"children\":[{\"type\":\"column\",\"props\":{\"image_position\":\"center-center\",\"media_overlay_gradient\":\"\",\"position_sticky_breakpoint\":\"m\"},\"children\":[{\"type\":\"headline\",\"props\":{\"title_element\":\"h2\",\"content\":\"\n\n<p>Kontakt zu unseren Gruppen<\\\/p>\",\"margin_remove_bottom\":false,\"margin\":\"large\",\"text_align\":\"left\",\"text_align_breakpoint\":\"m\",\"text_align_fallback\":\"center\",\"title_color\":\"secondary\"}},{\"type\":\"grid\",\"props\":{\"show_title\":true,\"show_meta\":true,\"show_content\":true,\"show_image\":true,\"show_link\":true,\"grid_default\":\"1\",\"grid_medium\":\"3\",\"filter_style\":\"tab\",\"filter_all\":true,\"filter_position\":\"top\",\"filter_align\":\"left\",\"filter_grid_width\":\"auto\",\"filter_grid_breakpoint\":\"m\",\"title_hover_style\":\"reset\",\"title_element\":\"h4\",\"title_align\":\"top\",\"title_grid_width\":\"1-2\",\"title_grid_breakpoint\":\"m\",\"meta_style\":\"meta\",\"meta_align\":\"below-title\",\"meta_element\":\"div\",\"content_column_breakpoint\":\"m\",\"icon_width\":80,\"image_align\":\"top\",\"image_grid_width\":\"1-2\",\"image_grid_breakpoint\":\"m\",\"image_svg_color\":\"emphasis\",\"link_text\":\"Read more\",\"link_style\":\"default\",\"margin\":\"default\",\"item_animation\":true,\"grid_large\":\"5\",\"text_align\":\"center\",\"content_margin\":\"small\",\"grid_row_align\":false,\"css\":\"canvas, img, video {\\n\\tmax-width: 100%;\\n\\theight: 100px;\\n\\tbox-sizing: border-box;\\n}\",\"grid_divider\":false,\"meta_margin\":\"small\",\"grid_small\":\"2\"},\"children\":[{\"type\":\"grid_item\",\"props\":{\"title\":\"K\\u00e4fergruppe\",\"content\":\"\n\n<p><a href=\\\"tel:+4987528664181\\\">Telefon: 08752 \\\/ 86 64 18\\u20131<\\\/a><\\\/p>\\n\n\n<p><\\\/p>\",\"icon\":\"\",\"image\":\"wp-content\\\/uploads\\\/sites\\\/5\\\/2020\\\/08\\\/kaefer.svg\"}},{\"type\":\"grid_item\",\"props\":{\"title\":\"Igelgruppe\",\"content\":\"\n\n<p><a href=\\\"tel:+4987528664182\\\">Telefon: 08752 \\\/ 86 64 18\\u20132<\\\/a><\\\/p>\\n\n\n<p><\\\/p>\",\"icon\":\"\",\"image\":\"wp-content\\\/uploads\\\/sites\\\/5\\\/2020\\\/08\\\/igel.svg\"}},{\"type\":\"grid_item\",\"props\":{\"title\":\"Schmetterlingsgruppe\",\"content\":\"\n\n<p><a href=\\\"tel:+4987528664183\\\">Telefon: 08752 \\\/ 86 64 18\\u20133<\\\/a><strong><\\\/strong><\\\/p>\",\"icon\":\"\",\"image\":\"wp-content\\\/uploads\\\/sites\\\/5\\\/2020\\\/08\\\/schmetterling.svg\"}},{\"type\":\"grid_item\",\"props\":{\"title\":\"M\\u00e4usegruppe\",\"content\":\"\n\n<p><a href=\\\"tel:+4987528664184\\\">Telefon: 08752 \\\/ 86 64 18\\u20134<\\\/a><\\\/p>\",\"icon\":\"\",\"image\":\"wp-content\\\/uploads\\\/sites\\\/5\\\/2020\\\/08\\\/maus.svg\"}},{\"type\":\"grid_item\",\"props\":{\"title\":\"B\\u00e4rengruppe\",\"content\":\"\n\n<p><a href=\\\"tel:+4987528664185\\\">Telefon: 08752 \\\/ 86 64 18\\u20135<\\\/a><\\\/p>\",\"icon\":\"\",\"image\":\"wp-content\\\/uploads\\\/sites\\\/5\\\/2020\\\/08\\\/baer.svg\"}}]}]}]}]}],\"version\":\"2.7.23\",\"yooessentialsVersion\":\"1.7.5\"} --><\/p>\n","protected":false},"excerpt":{"rendered":"<p>Sprech- und \u00d6ffnungszeiten Telefonische Erreichbarkeit und Sprechzeiten Mit der Gruppenleiterin oder der Kindergartenleiterin k\u00f6nnen die Eltern bei Bedarf Gespr\u00e4chstermine vereinbaren. Das B\u00fcrotelefon ist immer von 8:00 Uhr bis\u00a0 12:00 Uhr [&hellip;]<\/p>\n","protected":false},"author":1,"featured_media":0,"parent":1263,"menu_order":0,"comment_status":"closed","ping_status":"closed","template":"","meta":{"footnotes":""},"class_list":["post-64","page","type-page","status-publish","hentry"],"publishpress_future_action":{"enabled":false,"date":"2026-05-04 11:22:44","action":"change-status","newStatus":"draft","terms":[],"taxonomy":"","extraData":[]},"publishpress_future_workflow_manual_trigger":{"enabledWorkflows":[]},"_links":{"self":[{"href":"https:\/\/markt-au.de\/maria-de-la-paz\/wp-json\/wp\/v2\/pages\/64","targetHints":{"allow":["GET"]}}],"collection":[{"href":"https:\/\/markt-au.de\/maria-de-la-paz\/wp-json\/wp\/v2\/pages"}],"about":[{"href":"https:\/\/markt-au.de\/maria-de-la-paz\/wp-json\/wp\/v2\/types\/page"}],"author":[{"embeddable":true,"href":"https:\/\/markt-au.de\/maria-de-la-paz\/wp-json\/wp\/v2\/users\/1"}],"replies":[{"embeddable":true,"href":"https:\/\/markt-au.de\/maria-de-la-paz\/wp-json\/wp\/v2\/comments?post=64"}],"version-history":[{"count":241,"href":"https:\/\/markt-au.de\/maria-de-la-paz\/wp-json\/wp\/v2\/pages\/64\/revisions"}],"predecessor-version":[{"id":2095,"href":"https:\/\/markt-au.de\/maria-de-la-paz\/wp-json\/wp\/v2\/pages\/64\/revisions\/2095"}],"up":[{"embeddable":true,"href":"https:\/\/markt-au.de\/maria-de-la-paz\/wp-json\/wp\/v2\/pages\/1263"}],"wp:attachment":[{"href":"https:\/\/markt-au.de\/maria-de-la-paz\/wp-json\/wp\/v2\/media?parent=64"}],"curies":[{"name":"wp","href":"https:\/\/api.w.org\/{rel}","templated":true}]}}