{"id":36,"date":"2020-08-06T09:00:47","date_gmt":"2020-08-06T07:00:47","guid":{"rendered":"https:\/\/demo.markt-au.de\/maria-de-la-paz\/?page_id=36"},"modified":"2024-09-25T11:02:19","modified_gmt":"2024-09-25T09:02:19","slug":"tagesablauf","status":"publish","type":"page","link":"https:\/\/markt-au.de\/maria-de-la-paz\/wir-stellen-uns-vor\/paedagogische-arbeit\/tagesablauf\/","title":{"rendered":"Tagesablauf"},"content":{"rendered":"<h1>\n<p>Tagesablauf<\/p>\n<\/h1>\n<p><img decoding=\"async\" src=\"\/maria-de-la-paz\/wp-content\/uploads\/2020\/08\/mdlp_unterstrich.svg\" alt=\"\"><\/p>\n<div>\n<p>Unser Kindergarten ist von 7.00 \u2013 16.00 Uhr ge\u00f6ffnet. Die Mindestbuchungszeit (zugleich Kernzeit von 8.00 \u2013 12.00 Uhr) betr\u00e4gt w\u00f6chentlich 20 Stunden. <br \/>Weitere Informationen hierzu entnehmen Sie bitte der Satzung des Tr\u00e4gers.<\/p>\n<\/div>\n<ul>\n<li>\n<h3>7.00 \u2013 8.15 Uhr<\/h3>\n<div>\n<p>Bringzeit (die Kinder besuchen von 7.00 \u2013 8.00 Uhr den Fr\u00fchdienst, ab 8.00 Uhr werden die Kinder direkt in den Gruppen abgegeben.)<\/p>\n<\/div>\n<\/li>\n<li>\n<h3>ab 8.15 Uhr<\/h3>\n<div>\n<p>Morgenkreis (Begr\u00fc\u00dfung der Kinder, Besprechung des Tages)<\/p>\n<\/div>\n<\/li>\n<li>\n<h3>ab 8.30 Uhr<\/h3>\n<div>\n<p>Gruppenprogramm (die Kinder spielen in den Stammgruppen und nehmen an den dortigen F\u00f6rderprogrammen und Angeboten teil)<\/p>\n<\/div>\n<\/li>\n<li>\n<h3>ab 10.00 Uhr<\/h3>\n<div>\n<p>0ffene Gruppen (die Kinder k\u00f6nnen sich gegenseitig in den Gruppen besuchen und an den dortigen Angeboten teilnehmen)<\/p>\n<\/div>\n<\/li>\n<li>\n<h3>ab ca. 11.00 Uhr<\/h3>\n<div>\n<p>Abschlusskreis (alle Kinder beteiligen sich am gemeinsamen Ausklang des Tages)<\/p>\n<\/div>\n<\/li>\n<li>\n<h3>ab 11.45 Uhr<\/h3>\n<div>\n<p>Abholzeit (je nach Buchungszeit werden die Kinder im Stundentakt abgeholt)<\/p>\n<\/div>\n<\/li>\n<li>\n<h3>ab 12.00 Uhr<\/h3>\n<div>\n<p>Mittagessen und Ausruhen<\/p>\n<\/div>\n<\/li>\n<li>\n<h3>ab 13.00 Uhr<\/h3>\n<div>\n<p>Nachmittagsbetreuung der Ganztageskinder (Angebot je nach Bed\u00fcrfnissen der Kinder)<\/p>\n<\/div>\n<\/li>\n<li>\n<h3>ab 15.00 Uhr<\/h3>\n<div>\n<p>Brotzeit<\/p>\n<\/div>\n<\/li>\n<li>\n<h3>16.00 Uhr<\/h3>\n<div>\n<p>der Kindergarten schlie\u00dft<\/p>\n<\/div>\n<\/li>\n<\/ul>\n<h2>\n<p>Der Start in den Tag<\/p>\n<\/h2>\n<div>\n<p>Je nach Buchungszeit bieten wir den Eltern die M\u00f6glichkeit ihre Kinder zwischen 7.00 Uhr und 8.15 Uhr in den Kindergarten zu bringen. Mit einer pers\u00f6nlichen Begr\u00fc\u00dfung hei\u00dfen wir jedes Kind willkommen und \u00fcbernehmen die Aufsichtspflicht. Die Kinder haben nun die M\u00f6glichkeit sich von ihren Bezugspersonen zu verabschieden und durch morgendliche Rituale im Kindergarten anzukommen. Dabei werden sie und ihre Eltern von den p\u00e4dagogischen Fachkr\u00e4ften begleitet.<\/p>\n<\/div>\n<h3>8.15 bis 8.30 Uhr<\/h3>\n<h3>Der Morgenkreis<\/h3>\n<div>\n<p>Diese Zeit (8.15 Uhr bis 8.30 Uhr) geh\u00f6rt ausschlie\u00dflich den Kindern und dem Gruppenpersonal. Sie ist eine wichtige St\u00fctze f\u00fcr die Kinder, um den Tag gemeinsam zu beginnen. Der ritualisierte Ablauf, die die Kinder aktiv gestalten dient den Kindern zur Orientierung, st\u00e4rkt den Gruppenzusammenhalt und f\u00f6rdert das Allgemeinwissen.<\/p>\n<\/div>\n<h3>8.30 bis 9.30 Uhr<\/h3>\n<h3>Die Freispielzeit<\/h3>\n<div>\n<p>W\u00e4hrend dieser Zeit w\u00e4hlen die Kinder Spielpartner, Spielmaterial und Spielort, nach den geltenden Gruppenregeln, selbst. Das p\u00e4dagogische Fachpersonal ist Gespr\u00e4chspartner, begleitet die Kinder im Spiel und gibt nach Bedarf Hilfestellung, z. B. bei Konfliktl\u00f6sungen. Von 10.0 Uhr bis 1045 Uhr, in der sogenannten offenen Freispielzeit, haben die Kinder die M\u00f6glichkeit sich in den Gruppen wechselseitig zu besuchen. Dies entscheiden sie selbst. Die Kinder k\u00f6nnen nat\u00fcrlich auch in ihren Stammgruppen bleiben.<\/p>\n<\/div>\n<h3>8.30 bis 11.00 Uhr<\/h3>\n<h3>Die Brotzeit<\/h3>\n<div>\n<p>Situationsbedingt bieten wir in den Gruppen zwischen 8.30 Uhr und 10.00 Uhr gleitende oder gemeinsame Brotzeit an. Wir stellen den Kindern eine Getr\u00e4nkebar, Obst, Gem\u00fcse und Joghurt, erg\u00e4nzend zu ihrer mitgebrachten Brotzeit, \u00fcber den Tag hinweg zur Verf\u00fcgung.<\/p>\n<\/div>\n<h3>Situationsbedingt<\/h3>\n<h3>Gezielte, p\u00e4dagogische Angebote<\/h3>\n<div>\n<p>Diese werden auf die aktuellen Themen und den Entwicklungsstand der Kinder abgestimmt. Sie finden in der Gesamtgruppe oder in Kleingruppen statt. Wir legen Wert auf die ganzheitliche F\u00f6rderung der Kinder und gestalten diese projektorientiert. Im Zuge unserer interdisziplin\u00e4ren Arbeit, um den besonderen Bed\u00fcrfnissen unserer Kinder gerecht zu werden, ist eine enge Bildungs- und Erziehungspartnerschaft mit den Eltern, sowie die Kooperation mit Fachdiensten, Fr\u00fchf\u00f6rderungen und Therapeuten f\u00fcr uns selbstverst\u00e4ndlich.<\/p>\n<\/div>\n<h3>Situationsbedingt<\/h3>\n<h3>Die Gartenzeit<\/h3>\n<div>\n<p>Unser Garten ist f\u00fcr die Kinder, bei jedem Wetter, ein paradiesischer Spielbereich mit vielf\u00e4ltigen Bewegungsm\u00f6glichkeiten. Das Au\u00dfengel\u00e4nde bietet den Kindern aber auch Raum f\u00fcr Kreativit\u00e4t, sowie R\u00fcckzugsm\u00f6glichkeiten.<\/p>\n<\/div>\n<h3>Ab 12.00 Uhr<\/h3>\n<h3>Mittagessen &amp; Ruhezeit<\/h3>\n<div>\n<p>Die Kinder, die bis 13.00 Uhr und l\u00e4nger gebucht haben, erhalten ein warmes Mittagessen. Danach ruhen sich die Kinder\u00a0 in den Stammgruppen aus.<\/p>\n<\/div>\n<h3>Ab 13.00 Uhr<\/h3>\n<h3>Der Nachmittag<\/h3>\n<div>\n<p>Die Kinder aus den oberen Gruppen werden genau wie die Kinder aus den unteren Gruppen zu je einer Mischgruppe zusammen gef\u00fchrt. Die Gestaltung der Zeit am Nachmittag wird an die Bed\u00fcrfnisse der Kinder angepasst. Besonders viel Wert legen wir am Nachmittag auf die Bewegung der Kinder z. B. im Garten.\u00a0<\/p>\n<\/div>\n<h3>Ab 15.00 Uhr<\/h3>\n<h3>Die Abholzeit<\/h3>\n<div>\n<p>Die Kinder werden alle in einer Mischgruppe zusammengef\u00fchrt und machen gemeinsam Brotzeit.\u00a0Um sp\u00e4testens 16:00 Uhr, endet der Kindergartentag mit der pers\u00f6nlichen Verabschiedung der Kinder.<\/p>\n<\/div>\n<p><!--more--><br \/>\n<!-- {\"name\":\"tagesablauf_uebertrag\",\"type\":\"layout\",\"children\":[{\"type\":\"section\",\"props\":{\"image_position\":\"center-center\",\"style\":\"default\",\"title_breakpoint\":\"xl\",\"title_position\":\"top-left\",\"title_rotation\":\"left\",\"vertical_align\":\"\",\"width\":\"default\"},\"children\":[{\"type\":\"row\",\"children\":[{\"type\":\"column\",\"props\":{\"image_position\":\"center-center\",\"position_sticky_breakpoint\":\"m\"},\"children\":[{\"type\":\"breadcrumbs\",\"props\":{\"home_text\":\"Startseite\",\"show_current\":true,\"show_home\":true},\"modified\":\"2021-04-21T08:09:10.485Z\",\"name\":\"(Markt Au \\u2013 Maria de la paz) TEMPLATE | Breadcrumb\"},{\"type\":\"headline\",\"props\":{\"content\":\"\n\n<p>Tagesablauf<\\\/p>\",\"margin_remove_bottom\":true,\"title_element\":\"h1\"}},{\"type\":\"image\",\"props\":{\"image\":\"wp-content\\\/uploads\\\/2020\\\/08\\\/mdlp_unterstrich.svg\",\"image_svg_animate\":true,\"image_svg_color\":\"secondary\",\"image_svg_inline\":true,\"image_width\":\"200\",\"margin\":\"default\",\"margin_remove_top\":true,\"position\":\"relative\",\"position_top\":\"-20\"}},{\"type\":\"text\",\"props\":{\"column_breakpoint\":\"m\",\"content\":\"\n\n<p>Unser Kindergarten ist von 7.00 \\u2013 16.00 Uhr ge\\u00f6ffnet. Die Mindestbuchungszeit (zugleich Kernzeit von 8.00 \\u2013 12.00 Uhr) betr\\u00e4gt w\\u00f6chentlich 20 Stunden. <br \\\/>Weitere Informationen hierzu entnehmen Sie bitte der Satzung des Tr\\u00e4gers.<\\\/p>\",\"margin\":\"default\"}}]}]},{\"type\":\"row\",\"children\":[{\"type\":\"column\",\"props\":{\"image_position\":\"center-center\",\"position_sticky_breakpoint\":\"m\"},\"children\":[{\"type\":\"description_list\",\"props\":{\"column_breakpoint\":\"m\",\"layout\":\"grid-2\",\"list_element\":\"ul\",\"list_style\":\"striped\",\"meta_align\":\"below-content\",\"meta_style\":\"text-meta\",\"show_content\":true,\"show_link\":true,\"show_meta\":true,\"show_title\":true,\"title_element\":\"div\",\"title_grid_column_gap\":\"small\",\"title_grid_row_gap\":\"\",\"title_grid_width\":\"small\",\"title_style\":\"text-bold\"},\"children\":[{\"type\":\"description_list_item\",\"props\":{\"content\":\"\n\n<p>Bringzeit (die Kinder besuchen von 7.00 \\u2013 8.00 Uhr den Fr\\u00fchdienst, ab 8.00 Uhr werden die Kinder direkt in den Gruppen abgegeben.)<\\\/p>\",\"title\":\"7.00 \\u2013 8.15 Uhr\"}},{\"type\":\"description_list_item\",\"props\":{\"content\":\"\n\n<p>Morgenkreis (Begr\\u00fc\\u00dfung der Kinder, Besprechung des Tages)<\\\/p>\",\"title\":\"ab 8.15 Uhr\"}},{\"type\":\"description_list_item\",\"props\":{\"content\":\"\n\n<p>Gruppenprogramm (die Kinder spielen in den Stammgruppen und nehmen an den dortigen F\\u00f6rderprogrammen und Angeboten teil)<\\\/p>\",\"title\":\"ab 8.30 Uhr\"}},{\"type\":\"description_list_item\",\"props\":{\"content\":\"\n\n<p>0ffene Gruppen (die Kinder k\\u00f6nnen sich gegenseitig in den Gruppen besuchen und an den dortigen Angeboten teilnehmen)<\\\/p>\",\"title\":\"ab 10.00 Uhr\"}},{\"type\":\"description_list_item\",\"props\":{\"content\":\"\n\n<p>Abschlusskreis (alle Kinder beteiligen sich am gemeinsamen Ausklang des Tages)<\\\/p>\",\"title\":\"ab ca. 11.00 Uhr\"}},{\"type\":\"description_list_item\",\"props\":{\"content\":\"\n\n<p>Abholzeit (je nach Buchungszeit werden die Kinder im Stundentakt abgeholt)<\\\/p>\",\"title\":\"ab 11.45 Uhr\"}},{\"type\":\"description_list_item\",\"props\":{\"content\":\"\n\n<p>Mittagessen und Ausruhen<\\\/p>\",\"title\":\"ab 12.00 Uhr\"}},{\"type\":\"description_list_item\",\"props\":{\"content\":\"\n\n<p>Nachmittagsbetreuung der Ganztageskinder (Angebot je nach Bed\\u00fcrfnissen der Kinder)<\\\/p>\",\"title\":\"ab 13.00 Uhr\"}},{\"type\":\"description_list_item\",\"props\":{\"content\":\"\n\n<p>Brotzeit<\\\/p>\",\"title\":\"ab 15.00 Uhr\"}},{\"type\":\"description_list_item\",\"props\":{\"content\":\"\n\n<p>der Kindergarten schlie\\u00dft<\\\/p>\",\"title\":\"16.00 Uhr\"}}]}]}]}]},{\"type\":\"section\",\"props\":{\"image_position\":\"center-center\",\"style\":\"default\",\"title_breakpoint\":\"xl\",\"title_position\":\"top-left\",\"title_rotation\":\"left\",\"vertical_align\":\"\",\"width\":\"default\"},\"children\":[{\"type\":\"row\",\"children\":[{\"type\":\"column\",\"props\":{\"image_position\":\"center-center\",\"position_sticky_breakpoint\":\"m\"},\"children\":[{\"type\":\"headline\",\"props\":{\"content\":\"\n\n<p>Der Start in den Tag<\\\/p>\",\"title_element\":\"h2\"}},{\"type\":\"text\",\"props\":{\"column_breakpoint\":\"m\",\"content\":\"\n\n<p>Je nach Buchungszeit bieten wir den Eltern die M\\u00f6glichkeit ihre Kinder zwischen 7.00 Uhr und 8.15 Uhr in den Kindergarten zu bringen. Mit einer pers\\u00f6nlichen Begr\\u00fc\\u00dfung hei\\u00dfen wir jedes Kind willkommen und \\u00fcbernehmen die Aufsichtspflicht. Die Kinder haben nun die M\\u00f6glichkeit sich von ihren Bezugspersonen zu verabschieden und durch morgendliche Rituale im Kindergarten anzukommen. Dabei werden sie und ihre Eltern von den p\\u00e4dagogischen Fachkr\\u00e4ften begleitet.<\\\/p>\",\"margin\":\"default\"}}]}]},{\"type\":\"row\",\"props\":{\"layout\":\"3-4,1-4\",\"margin\":\"large\"},\"children\":[{\"type\":\"column\",\"props\":{\"image_position\":\"center-center\",\"position_sticky_breakpoint\":\"m\",\"width_medium\":\"3-4\"},\"children\":[{\"type\":\"headline\",\"props\":{\"content\":\"8.15 bis 8.30 Uhr\",\"margin_remove_bottom\":true,\"title_element\":\"h3\",\"title_style\":\"h5\"}},{\"type\":\"headline\",\"props\":{\"content\":\"Der Morgenkreis\",\"margin\":\"small\",\"margin_remove_top\":true,\"title_color\":\"secondary\",\"title_element\":\"h3\"}},{\"type\":\"text\",\"props\":{\"column_breakpoint\":\"m\",\"content\":\"\n\n<p>Diese Zeit (8.15 Uhr bis 8.30 Uhr) geh\\u00f6rt ausschlie\\u00dflich den Kindern und dem Gruppenpersonal. Sie ist eine wichtige St\\u00fctze f\\u00fcr die Kinder, um den Tag gemeinsam zu beginnen. Der ritualisierte Ablauf, die die Kinder aktiv gestalten dient den Kindern zur Orientierung, st\\u00e4rkt den Gruppenzusammenhalt und f\\u00f6rdert das Allgemeinwissen.<\\\/p>\",\"margin\":\"default\"}}]},{\"type\":\"column\",\"props\":{\"image_position\":\"center-center\",\"position_sticky_breakpoint\":\"m\",\"width_medium\":\"1-4\"}}]},{\"type\":\"row\",\"props\":{\"layout\":\"3-4,1-4\",\"margin\":\"large\"},\"children\":[{\"type\":\"column\",\"props\":{\"image_position\":\"center-center\",\"position_sticky_breakpoint\":\"m\",\"width_medium\":\"3-4\"},\"children\":[{\"type\":\"headline\",\"props\":{\"content\":\"8.30 bis 9.30 Uhr\",\"margin_remove_bottom\":true,\"title_element\":\"h3\",\"title_style\":\"h5\"}},{\"type\":\"headline\",\"props\":{\"content\":\"Die Freispielzeit\",\"margin\":\"small\",\"margin_remove_top\":true,\"title_color\":\"secondary\",\"title_element\":\"h3\"}},{\"type\":\"text\",\"props\":{\"column_breakpoint\":\"m\",\"content\":\"\n\n<p>W\\u00e4hrend dieser Zeit w\\u00e4hlen die Kinder Spielpartner, Spielmaterial und Spielort, nach den geltenden Gruppenregeln, selbst. Das p\\u00e4dagogische Fachpersonal ist Gespr\\u00e4chspartner, begleitet die Kinder im Spiel und gibt nach Bedarf Hilfestellung, z. B. bei Konfliktl\\u00f6sungen. Von 10.0 Uhr bis 1045 Uhr, in der sogenannten offenen Freispielzeit, haben die Kinder die M\\u00f6glichkeit sich in den Gruppen wechselseitig zu besuchen. Dies entscheiden sie selbst. Die Kinder k\\u00f6nnen nat\\u00fcrlich auch in ihren Stammgruppen bleiben.<\\\/p>\",\"margin\":\"default\"}}]},{\"type\":\"column\",\"props\":{\"image_position\":\"center-center\",\"position_sticky_breakpoint\":\"m\",\"width_medium\":\"1-4\"}}]},{\"type\":\"row\",\"props\":{\"layout\":\"3-4,1-4\",\"margin\":\"large\"},\"children\":[{\"type\":\"column\",\"props\":{\"image_position\":\"center-center\",\"position_sticky_breakpoint\":\"m\",\"width_medium\":\"3-4\"},\"children\":[{\"type\":\"headline\",\"props\":{\"content\":\"8.30 bis 11.00 Uhr\",\"margin_remove_bottom\":true,\"title_element\":\"h3\",\"title_style\":\"h5\"}},{\"type\":\"headline\",\"props\":{\"content\":\"Die Brotzeit\",\"margin\":\"small\",\"margin_remove_top\":true,\"title_color\":\"secondary\",\"title_element\":\"h3\"}},{\"type\":\"text\",\"props\":{\"column_breakpoint\":\"m\",\"content\":\"\n\n<p>Situationsbedingt bieten wir in den Gruppen zwischen 8.30 Uhr und 10.00 Uhr gleitende oder gemeinsame Brotzeit an. Wir stellen den Kindern eine Getr\\u00e4nkebar, Obst, Gem\\u00fcse und Joghurt, erg\\u00e4nzend zu ihrer mitgebrachten Brotzeit, \\u00fcber den Tag hinweg zur Verf\\u00fcgung.<\\\/p>\",\"margin\":\"default\"}}]},{\"type\":\"column\",\"props\":{\"image_position\":\"center-center\",\"position_sticky_breakpoint\":\"m\",\"width_medium\":\"1-4\"}}]},{\"type\":\"row\",\"props\":{\"layout\":\"3-4,1-4\",\"margin\":\"large\"},\"children\":[{\"type\":\"column\",\"props\":{\"image_position\":\"center-center\",\"position_sticky_breakpoint\":\"m\",\"width_medium\":\"3-4\"},\"children\":[{\"type\":\"headline\",\"props\":{\"content\":\"Situationsbedingt\",\"margin_remove_bottom\":true,\"title_element\":\"h3\",\"title_style\":\"h5\"}},{\"type\":\"headline\",\"props\":{\"content\":\"Gezielte, p\\u00e4dagogische Angebote\",\"margin\":\"small\",\"margin_remove_top\":true,\"title_color\":\"secondary\",\"title_element\":\"h3\"}},{\"type\":\"text\",\"props\":{\"column_breakpoint\":\"m\",\"content\":\"\n\n<p>Diese werden auf die aktuellen Themen und den Entwicklungsstand der Kinder abgestimmt. Sie finden in der Gesamtgruppe oder in Kleingruppen statt. Wir legen Wert auf die ganzheitliche F\\u00f6rderung der Kinder und gestalten diese projektorientiert. Im Zuge unserer interdisziplin\\u00e4ren Arbeit, um den besonderen Bed\\u00fcrfnissen unserer Kinder gerecht zu werden, ist eine enge Bildungs- und Erziehungspartnerschaft mit den Eltern, sowie die Kooperation mit Fachdiensten, Fr\\u00fchf\\u00f6rderungen und Therapeuten f\\u00fcr uns selbstverst\\u00e4ndlich.<\\\/p>\",\"margin\":\"default\"}}]},{\"type\":\"column\",\"props\":{\"image_position\":\"center-center\",\"position_sticky_breakpoint\":\"m\",\"width_medium\":\"1-4\"}}]},{\"type\":\"row\",\"props\":{\"layout\":\"3-4,1-4\",\"margin\":\"large\"},\"children\":[{\"type\":\"column\",\"props\":{\"image_position\":\"center-center\",\"position_sticky_breakpoint\":\"m\",\"width_medium\":\"3-4\"},\"children\":[{\"type\":\"headline\",\"props\":{\"content\":\"Situationsbedingt\",\"margin_remove_bottom\":true,\"title_element\":\"h3\",\"title_style\":\"h5\"}},{\"type\":\"headline\",\"props\":{\"content\":\"Die Gartenzeit\",\"margin\":\"small\",\"margin_remove_top\":true,\"title_color\":\"secondary\",\"title_element\":\"h3\"}},{\"type\":\"text\",\"props\":{\"column_breakpoint\":\"m\",\"content\":\"\n\n<p>Unser Garten ist f\\u00fcr die Kinder, bei jedem Wetter, ein paradiesischer Spielbereich mit vielf\\u00e4ltigen Bewegungsm\\u00f6glichkeiten. Das Au\\u00dfengel\\u00e4nde bietet den Kindern aber auch Raum f\\u00fcr Kreativit\\u00e4t, sowie R\\u00fcckzugsm\\u00f6glichkeiten.<\\\/p>\",\"margin\":\"default\"}}]},{\"type\":\"column\",\"props\":{\"image_position\":\"center-center\",\"position_sticky_breakpoint\":\"m\",\"width_medium\":\"1-4\"}}]},{\"type\":\"row\",\"props\":{\"layout\":\"3-4,1-4\",\"margin\":\"large\"},\"children\":[{\"type\":\"column\",\"props\":{\"image_position\":\"center-center\",\"position_sticky_breakpoint\":\"m\",\"width_medium\":\"3-4\"},\"children\":[{\"type\":\"headline\",\"props\":{\"content\":\"Ab 12.00 Uhr\",\"margin_remove_bottom\":true,\"title_element\":\"h3\",\"title_style\":\"h5\"}},{\"type\":\"headline\",\"props\":{\"content\":\"Mittagessen &amp; Ruhezeit\",\"margin\":\"small\",\"margin_remove_top\":true,\"title_color\":\"secondary\",\"title_element\":\"h3\"}},{\"type\":\"text\",\"props\":{\"column_breakpoint\":\"m\",\"content\":\"\n\n<p>Die Kinder, die bis 13.00 Uhr und l\\u00e4nger gebucht haben, erhalten ein warmes Mittagessen. Danach ruhen sich die Kinder\\u00a0 in den Stammgruppen aus.<\\\/p>\",\"margin\":\"default\"}}]},{\"type\":\"column\",\"props\":{\"image_position\":\"center-center\",\"position_sticky_breakpoint\":\"m\",\"width_medium\":\"1-4\"}}]},{\"type\":\"row\",\"props\":{\"layout\":\"3-4,1-4\",\"margin\":\"large\"},\"children\":[{\"type\":\"column\",\"props\":{\"image_position\":\"center-center\",\"position_sticky_breakpoint\":\"m\",\"width_medium\":\"3-4\"},\"children\":[{\"type\":\"headline\",\"props\":{\"content\":\"Ab 13.00 Uhr\",\"margin_remove_bottom\":true,\"title_element\":\"h3\",\"title_style\":\"h5\"}},{\"type\":\"headline\",\"props\":{\"content\":\"Der Nachmittag\",\"margin\":\"small\",\"margin_remove_top\":true,\"title_color\":\"secondary\",\"title_element\":\"h3\"}},{\"type\":\"text\",\"props\":{\"column_breakpoint\":\"m\",\"content\":\"\n\n<p>Die Kinder aus den oberen Gruppen werden genau wie die Kinder aus den unteren Gruppen zu je einer Mischgruppe zusammen gef\\u00fchrt. Die Gestaltung der Zeit am Nachmittag wird an die Bed\\u00fcrfnisse der Kinder angepasst. Besonders viel Wert legen wir am Nachmittag auf die Bewegung der Kinder z. B. im Garten.\\u00a0<\\\/p>\",\"margin\":\"default\"}}]},{\"type\":\"column\",\"props\":{\"image_position\":\"center-center\",\"position_sticky_breakpoint\":\"m\",\"width_medium\":\"1-4\"}}]},{\"type\":\"row\",\"props\":{\"layout\":\"3-4,1-4\",\"margin\":\"large\"},\"children\":[{\"type\":\"column\",\"props\":{\"image_position\":\"center-center\",\"position_sticky_breakpoint\":\"m\",\"width_medium\":\"3-4\"},\"children\":[{\"type\":\"headline\",\"props\":{\"content\":\"Ab 15.00 Uhr\",\"margin_remove_bottom\":true,\"title_element\":\"h3\",\"title_style\":\"h5\"}},{\"type\":\"headline\",\"props\":{\"content\":\"Die Abholzeit\",\"margin\":\"small\",\"margin_remove_top\":true,\"title_color\":\"secondary\",\"title_element\":\"h3\"}},{\"type\":\"text\",\"props\":{\"column_breakpoint\":\"m\",\"content\":\"\n\n<p>Die Kinder werden alle in einer Mischgruppe zusammengef\\u00fchrt und machen gemeinsam Brotzeit.\\u00a0Um sp\\u00e4testens 16:00 Uhr, endet der Kindergartentag mit der pers\\u00f6nlichen Verabschiedung der Kinder.<\\\/p>\",\"margin\":\"default\"}}]},{\"type\":\"column\",\"props\":{\"image_position\":\"center-center\",\"position_sticky_breakpoint\":\"m\",\"width_medium\":\"1-4\"}}]}]}],\"version\":\"4.4.8\",\"yooessentialsVersion\":\"2.2.18\"} --><\/p>\n","protected":false},"excerpt":{"rendered":"<p>Tagesablauf Unser Kindergarten ist von 7.00 \u2013 16.00 Uhr ge\u00f6ffnet. Die Mindestbuchungszeit (zugleich Kernzeit von 8.00 \u2013 12.00 Uhr) betr\u00e4gt w\u00f6chentlich 20 Stunden. Weitere Informationen hierzu entnehmen Sie bitte der [&hellip;]<\/p>\n","protected":false},"author":1,"featured_media":0,"parent":1620,"menu_order":0,"comment_status":"closed","ping_status":"closed","template":"","meta":{"footnotes":""},"class_list":["post-36","page","type-page","status-publish","hentry"],"publishpress_future_action":{"enabled":false,"date":"2026-05-08 15:12:59","action":"change-status","newStatus":"draft","terms":[],"taxonomy":"","extraData":[]},"publishpress_future_workflow_manual_trigger":{"enabledWorkflows":[]},"_links":{"self":[{"href":"https:\/\/markt-au.de\/maria-de-la-paz\/wp-json\/wp\/v2\/pages\/36","targetHints":{"allow":["GET"]}}],"collection":[{"href":"https:\/\/markt-au.de\/maria-de-la-paz\/wp-json\/wp\/v2\/pages"}],"about":[{"href":"https:\/\/markt-au.de\/maria-de-la-paz\/wp-json\/wp\/v2\/types\/page"}],"author":[{"embeddable":true,"href":"https:\/\/markt-au.de\/maria-de-la-paz\/wp-json\/wp\/v2\/users\/1"}],"replies":[{"embeddable":true,"href":"https:\/\/markt-au.de\/maria-de-la-paz\/wp-json\/wp\/v2\/comments?post=36"}],"version-history":[{"count":101,"href":"https:\/\/markt-au.de\/maria-de-la-paz\/wp-json\/wp\/v2\/pages\/36\/revisions"}],"predecessor-version":[{"id":2463,"href":"https:\/\/markt-au.de\/maria-de-la-paz\/wp-json\/wp\/v2\/pages\/36\/revisions\/2463"}],"up":[{"embeddable":true,"href":"https:\/\/markt-au.de\/maria-de-la-paz\/wp-json\/wp\/v2\/pages\/1620"}],"wp:attachment":[{"href":"https:\/\/markt-au.de\/maria-de-la-paz\/wp-json\/wp\/v2\/media?parent=36"}],"curies":[{"name":"wp","href":"https:\/\/api.w.org\/{rel}","templated":true}]}}