{"id":879,"date":"2023-09-19T14:40:38","date_gmt":"2023-09-19T12:40:38","guid":{"rendered":"https:\/\/markt-au.de\/am-vogelhoelzl\/?page_id=879"},"modified":"2026-02-24T14:51:28","modified_gmt":"2026-02-24T13:51:28","slug":"termine","status":"publish","type":"page","link":"https:\/\/markt-au.de\/am-vogelhoelzl\/termine\/","title":{"rendered":"Termine"},"content":{"rendered":"<h2>Termine<\/h2>\n<p><img decoding=\"async\" src=\"\/am-vogelhoelzl\/wp-content\/uploads\/sites\/4\/2021\/08\/unterstrich.svg\" alt=\"\"><\/p>\n<table>\n<thead>\n<tr>\n<th>September 2025<\/th>\n<th><\/th>\n<\/tr>\n<\/thead>\n<tbody>\n<tr>\n<td>09.09<\/td>\n<td>\n<p>Erster Kindergartentag<\/p>\n<\/td>\n<\/tr>\n<tr>\n<td>29.09.<\/td>\n<td>\n<p>Elternabend mit Vorschulelternabend und EV-Wahl &#8211; ab 19 Uhr<\/p>\n<\/td>\n<\/tr>\n<\/tbody>\n<\/table>\n<table>\n<thead>\n<tr>\n<th>Oktober 2025<\/th>\n<th><\/th>\n<\/tr>\n<\/thead>\n<tbody>\n<tr>\n<td>03.10.<\/td>\n<td>\n<p><span style=\"color: red;\"><strong>Tag der deutschen Einheit &#8211; Kindergarten geschlossen<\/strong><\/span><\/p>\n<\/td>\n<\/tr>\n<tr>\n<td>06.10.<\/td>\n<td>\n<p>Erntedankfest in den Gruppen<\/p>\n<\/td>\n<\/tr>\n<tr>\n<td>06.10. &#8211; 10.10.<\/td>\n<td>\n<p>Schuleingangsuntersuchung<\/p>\n<\/td>\n<\/tr>\n<tr>\n<td>30.10.<\/td>\n<td>\n<p>Laternenbasteln mit den Eltern ab 18 Uhr<\/p>\n<\/td>\n<\/tr>\n<\/tbody>\n<\/table>\n<table>\n<thead>\n<tr>\n<th>November 2025<\/th>\n<th><\/th>\n<\/tr>\n<\/thead>\n<tbody>\n<tr>\n<td>3.11. &#8211; 07.11.<\/td>\n<td>\n<p><span style=\"color: red;\"><strong>Herbstferien &#8211; Kindergarten ge\u00f6ffnet<\/strong><\/span><\/p>\n<\/td>\n<\/tr>\n<tr>\n<td>11.11.<\/td>\n<td>\n<p>Kindergarten schlie\u00dft um 12 Uhr<\/p>\n<\/p>\n<p>Martinsfest mit Eltern, Beginn 17 Uhr im Kindergarten<\/p>\n<\/td>\n<\/tr>\n<tr>\n<td>19.11.<\/td>\n<td>\n<p><span style=\"color: red;\"><strong>Bu\u00df- und Bettag &#8211; Kindergarten geschlossen<\/strong><\/span><\/p>\n<p>Erste-Hilfekurs Personal<\/p>\n<\/td>\n<\/tr>\n<\/tbody>\n<\/table>\n<table>\n<thead>\n<tr>\n<th>Dezember 2025<\/th>\n<th><\/th>\n<\/tr>\n<\/thead>\n<tbody>\n<tr>\n<td><\/td>\n<td>\n<p>Vorschulbesuch beim Hallertauer Christbaumhof (Baum holen)<\/p>\n<\/td>\n<\/tr>\n<tr>\n<td>05.12.<\/td>\n<td>\n<p>Nikolausfeier im Wald mit Eltern ab 16 Uhr<\/p>\n<p>Kindergarten schlie\u00dft 13 Uhr<\/p>\n<\/td>\n<\/tr>\n<tr>\n<td>22.12.<\/td>\n<td>\n<p>Weihnachtsfeier in den Gruppen<\/p>\n<\/td>\n<\/tr>\n<tr>\n<td>23.12.<\/td>\n<td>\n<p>Kindergarten schlie\u00dft um 13 Uhr<\/p>\n<\/td>\n<\/tr>\n<tr>\n<td>24.12. &#8211; 31.12.<\/td>\n<td>\n<p><span style=\"color: red;\"><strong>Weihnachtsferien &#8211; Kindergarten geschlossen<\/strong><\/span><\/p>\n<\/td>\n<\/tr>\n<\/tbody>\n<\/table>\n<table>\n<thead>\n<tr>\n<th>Januar 2026<\/th>\n<th><\/th>\n<\/tr>\n<\/thead>\n<tbody>\n<tr>\n<td>01.01. &#8211; 06.01.<\/td>\n<td>\n<p><span style=\"color: red;\"><strong>Weihnachtsferien &#8211; Kindergarten geschlossen<\/strong><\/span><\/p>\n<\/td>\n<\/tr>\n<tr>\n<td>07.01.<\/td>\n<td>\n<p>Erster Kindergartentag nach den Weihnachtsferien<\/p>\n<\/td>\n<\/tr>\n<tr>\n<td>30.01.<\/td>\n<td>\n<p>Tag der offenen T\u00fcre von 15 bis 17 Uhr<\/p>\n<\/td>\n<\/tr>\n<\/tbody>\n<\/table>\n<table>\n<thead>\n<tr>\n<th>Februar 2026<\/th>\n<th><\/th>\n<\/tr>\n<\/thead>\n<tbody>\n<tr>\n<td>12.02.<\/td>\n<td>\n<p>Faschingsfeier im Kindergarten<\/p>\n<\/td>\n<\/tr>\n<tr>\n<td>13.02.<\/td>\n<td>\n<p>Prinzenpaar kommt\u00a0 in den Kindergarten<\/p>\n<\/td>\n<\/tr>\n<tr>\n<td>16.02. &#8211; 20.02.<\/td>\n<td>\n<p>Faschingsferien &#8211; Feriendienst im Kindergarten<\/p>\n<\/td>\n<\/tr>\n<tr>\n<td>17.02.<\/td>\n<td>\n<p>Faschingsdienstag &#8211; Kindergarten schlie\u00dft um 12 Uhr<\/p>\n<\/td>\n<\/tr>\n<\/tbody>\n<\/table>\n<table>\n<thead>\n<tr>\n<th>M\u00e4rz 2026<\/th>\n<th><\/th>\n<\/tr>\n<\/thead>\n<tbody>\n<tr>\n<td>13.03.<\/td>\n<td>\n<p>Oma &amp; Opa Nachmittag von 15 &#8211; 17 Uhr &#8211; <strong>Kindergarten schlie\u00dft um 13 Uhr<\/strong><\/p>\n<\/td>\n<\/tr>\n<tr>\n<td>26.03.<\/td>\n<td>\n<p>Osterfeier in den Gruppen<\/p>\n<\/td>\n<\/tr>\n<\/tbody>\n<\/table>\n<table>\n<thead>\n<tr>\n<th>April 2026<\/th>\n<th><\/th>\n<\/tr>\n<\/thead>\n<tbody>\n<tr>\n<td>30.03. &#8211; 10.04.<\/td>\n<td>\n<p>Osterferien &#8211; Feriendienst im Kindergarten<\/p>\n<\/td>\n<\/tr>\n<\/tbody>\n<\/table>\n<table>\n<thead>\n<tr>\n<th>Mai 2026<\/th>\n<th><\/th>\n<\/tr>\n<\/thead>\n<tbody>\n<tr>\n<td>01.05.<\/td>\n<td>\n<p><span style=\"color: red;\"><strong>Kindergarten geschlossen<\/strong><\/span><\/p>\n<\/td>\n<\/tr>\n<tr>\n<td>22.05.<\/td>\n<td>\n<p>Maifest Beginn 15 Uhr<\/p>\n<p>Kindergarten schlie\u00dft an diesem Tag um 13 Uhr<\/p>\n<\/td>\n<\/tr>\n<tr>\n<td>26.05. &#8211; 29.05.<\/td>\n<td>\n<p>Pfingstferien Feriendienst Kindergarten hat ge\u00f6ffnet<\/p>\n<\/td>\n<\/tr>\n<\/tbody>\n<\/table>\n<table>\n<thead>\n<tr>\n<th>Juni 2026<\/th>\n<th><\/th>\n<\/tr>\n<\/thead>\n<tbody>\n<tr>\n<td>01.06 &#8211; 05.06<\/td>\n<td>\n<p><span style=\"color: red;\"><strong>Pfingstferien &#8211; Kindergarten hat geschlossen<\/strong><\/span><\/p>\n<\/td>\n<\/tr>\n<tr>\n<td><\/td>\n<td>\n<p>Ausflug<\/p>\n<\/td>\n<\/tr>\n<\/tbody>\n<\/table>\n<table>\n<thead>\n<tr>\n<th>Juli 2026<\/th>\n<th><\/th>\n<\/tr>\n<\/thead>\n<tbody>\n<tr>\n<td><\/td>\n<td>\n<p>Betriebsausflug der Gemeinde Au<\/p>\n<\/td>\n<\/tr>\n<tr>\n<td>23.07.<\/td>\n<td>\n<p>Abschlussfeier der Vorsch\u00fcler mit \u00dcbernachtung im Kindergarten<\/p>\n<\/td>\n<\/tr>\n<tr>\n<td>24.07.<\/td>\n<td>\n<p><span style=\"color: red;\"><strong>Der Kindergarten hat f\u00fcr alle Nicht-Vorsch\u00fcler geschlossen<\/strong><\/span><\/p>\n<\/td>\n<\/tr>\n<tr>\n<td>30.07.<\/td>\n<td>\n<p>Abschlussgottesdienst mit allen Eltern<\/p>\n<\/td>\n<\/tr>\n<\/tbody>\n<\/table>\n<table>\n<thead>\n<tr>\n<th>August 2026<\/th>\n<th><\/th>\n<\/tr>\n<\/thead>\n<tbody>\n<tr>\n<td>04.08<\/td>\n<td>\n<p>Kindergarten schlie\u00dft um 13 Uhr<\/p>\n<\/td>\n<\/tr>\n<tr>\n<td>05.08. &#8211; 31.08.<\/td>\n<td>\n<p><span style=\"color: red;\"><strong>Sommerferien &#8211; Kindergarten geschlossen<\/strong><\/span><\/p>\n<\/td>\n<\/tr>\n<\/tbody>\n<\/table>\n<table>\n<thead>\n<tr>\n<th>September 2026<\/th>\n<th><\/th>\n<\/tr>\n<\/thead>\n<tbody>\n<tr>\n<td>01.09.<\/td>\n<td>\n<p>Erster Kindergartentag im neuen Kindergartenjahr<\/p>\n<\/td>\n<\/tr>\n<\/tbody>\n<\/table>\n<h2>Sonstige Termine<\/h2>\n<div>\n<ul>\n<li>Zahnarztbesuch<\/li>\n<li>Verkehrserziehung mit Polizei<\/li>\n<li>Feuerwehrbesuch<\/li>\n<li>Fotowoche<\/li>\n<\/ul>\n<\/div>\n<div>\n<p style=\"text-align: center;\"><strong>Termin\u00e4nderungen k\u00f6nnen m\u00f6glich sein.<\/strong><\/p>\n<\/p>\n<p style=\"text-align: center;\"><strong>An gesetzlichen Feiertagen ist der Kindergarten geschlossen.<\/strong><\/p>\n<\/div>\n<h2>Ferienregelung<\/h2>\n<div>\n<p>Schlie\u00dfungstage werden zu Beginn des Kindergartenjahres schriftlich an alle Eltern bekannt gegeben und liegen im Kindergarten aus. Im August haben wir 3-4 Wochen Sommerferien und die Weihnachtsferien sind in der Regel den Schulferien angeglichen. Der Kindergarten ist in beiden F\u00e4llen geschlossen.<\/p>\n<\/div>\n<p><!--more--><br \/>\n<!-- {\"type\":\"layout\",\"children\":[{\"type\":\"section\",\"props\":{\"image_position\":\"center-center\",\"padding_bottom\":\"small\",\"padding_top\":\"small\",\"style\":\"default\",\"title_breakpoint\":\"xl\",\"title_position\":\"top-left\",\"title_rotation\":\"left\",\"vertical_align\":\"\",\"width\":\"default\"},\"children\":[{\"type\":\"row\",\"children\":[{\"type\":\"column\",\"props\":{\"image_position\":\"center-center\",\"position_sticky_breakpoint\":\"m\"},\"children\":[{\"type\":\"headline\",\"props\":{\"content\":\"Termine\",\"image_align\":\"left\",\"image_margin\":\"xsmall\",\"title_element\":\"h2\"}},{\"type\":\"image\",\"props\":{\"image\":\"wp-content\/uploads\/sites\/4\/2021\/08\/unterstrich.svg\",\"image_svg_color\":\"secondary\",\"image_svg_inline\":true,\"image_width\":\"200\",\"margin_bottom\":\"default\",\"margin_top\":\"default\"}},{\"type\":\"alert\",\"props\":{\"alert_size\":true,\"alert_style\":\"danger\",\"content\":\"\n\n<p>Wir werden sie rechtzeitig \u00fcber Aush\u00e4nge informieren.<\/p>\n\n\",\"status\":\"disabled\",\"title\":\"Achtung! - \u00c4nderungen sind m\u00f6glich!\",\"title_element\":\"h3\",\"title_style\":\"text-bold\"}},{\"type\":\"table\",\"props\":{\"image_svg_color\":\"emphasis\",\"link_style\":\"default\",\"link_text\":\"Read more\",\"meta_style\":\"text-meta\",\"show_content\":true,\"show_image\":true,\"show_link\":true,\"show_meta\":true,\"show_title\":true,\"table_head_title\":\"September 2025\",\"table_hover\":true,\"table_justify\":false,\"table_order\":\"1\",\"table_responsive\":\"overflow\",\"table_size\":\"small\",\"table_style\":\"striped\",\"table_width_meta\":\"shrink\",\"table_width_title\":\"shrink\",\"yooessentials_access_conditions\":[],\"yooessentials_access_mode\":\"AND\"},\"children\":[{\"type\":\"table_item\",\"props\":{\"content\":\"\n\n<p>Erster Kindergartentag<\/p>\n\n\",\"title\":\"09.09\"}},{\"type\":\"table_item\",\"props\":{\"content\":\"\n\n<p>Elternabend mit Vorschulelternabend und EV-Wahl - ab 19 Uhr<\/p>\n\n\",\"title\":\"29.09.\"}}],\"name\":\"September\"},{\"type\":\"table\",\"props\":{\"image_svg_color\":\"emphasis\",\"link_style\":\"default\",\"link_text\":\"Read more\",\"margin_bottom\":\"large\",\"margin_top\":\"large\",\"meta_style\":\"text-meta\",\"show_content\":true,\"show_image\":true,\"show_link\":true,\"show_meta\":true,\"show_title\":true,\"table_head_title\":\"Oktober 2025\",\"table_hover\":true,\"table_justify\":false,\"table_order\":\"1\",\"table_responsive\":\"overflow\",\"table_size\":\"small\",\"table_style\":\"striped\",\"table_width_meta\":\"shrink\",\"table_width_title\":\"shrink\"},\"children\":[{\"type\":\"table_item\",\"props\":{\"content\":\"\n\n<p><span style=\\\"color: red;\\\"><strong>Tag der deutschen Einheit - Kindergarten geschlossen<\/strong><\/span><\/p>\n\n\",\"title\":\"03.10.\"}},{\"type\":\"table_item\",\"props\":{\"content\":\"\n\n<p>Erntedankfest in den Gruppen<\/p>\n\n\",\"title\":\"06.10.\"}},{\"type\":\"table_item\",\"props\":{\"content\":\"\n\n<p>Schuleingangsuntersuchung<\/p>\n\n\",\"title\":\"06.10. - 10.10.\"}},{\"type\":\"table_item\",\"props\":{\"content\":\"\n\n<p>Laternenbasteln mit den Eltern ab 18 Uhr<\/p>\n\n\",\"title\":\"30.10.\"}}],\"name\":\"Oktober\"},{\"type\":\"table\",\"props\":{\"image_svg_color\":\"emphasis\",\"link_style\":\"default\",\"link_text\":\"Read more\",\"margin_bottom\":\"large\",\"margin_top\":\"large\",\"meta_style\":\"text-meta\",\"show_content\":true,\"show_image\":true,\"show_link\":true,\"show_meta\":true,\"show_title\":true,\"table_head_title\":\"November 2025\",\"table_hover\":true,\"table_justify\":false,\"table_order\":\"1\",\"table_responsive\":\"overflow\",\"table_size\":\"small\",\"table_style\":\"striped\",\"table_width_meta\":\"shrink\",\"table_width_title\":\"shrink\"},\"children\":[{\"type\":\"table_item\",\"props\":{\"content\":\"\n\n<p><span style=\\\"color: red;\\\"><strong>Herbstferien - Kindergarten ge\u00f6ffnet<\/strong><\/span><\/p>\n\n\",\"title\":\"3.11. - 07.11.\"}},{\"type\":\"table_item\",\"props\":{\"content\":\"\n\n<p>Kindergarten schlie\u00dft um 12 Uhr<\/p>\n\n\\n\n\n\n\n\\n\n\n<p>Martinsfest mit Eltern, Beginn 17 Uhr im Kindergarten<\/p>\n\n\",\"title\":\"11.11.\"}},{\"type\":\"table_item\",\"props\":{\"content\":\"\n\n<p><span style=\\\"color: red;\\\"><strong>Bu\u00df- und Bettag - Kindergarten geschlossen<\/strong><\/span><\/p>\n\n\\n\n\n<p>Erste-Hilfekurs Personal<\/p>\n\n\",\"title\":\"19.11.\"}}],\"name\":\"November\"},{\"type\":\"table\",\"props\":{\"image_svg_color\":\"emphasis\",\"link_style\":\"default\",\"link_text\":\"Read more\",\"margin_bottom\":\"large\",\"margin_top\":\"large\",\"meta_style\":\"text-meta\",\"show_content\":true,\"show_image\":true,\"show_link\":true,\"show_meta\":true,\"show_title\":true,\"table_head_title\":\"Dezember 2025\",\"table_hover\":true,\"table_justify\":false,\"table_order\":\"1\",\"table_responsive\":\"overflow\",\"table_size\":\"small\",\"table_style\":\"striped\",\"table_width_meta\":\"shrink\",\"table_width_title\":\"shrink\"},\"children\":[{\"type\":\"table_item\",\"props\":{\"content\":\"\n\n<p>Vorschulbesuch beim Hallertauer Christbaumhof (Baum holen)<\/p>\n\n\",\"title\":\"\"}},{\"type\":\"table_item\",\"props\":{\"content\":\"\n\n<p>Nikolausfeier im Wald mit Eltern ab 16 Uhr<\/p>\n\n\\n\n\n<p>Kindergarten schlie\u00dft 13 Uhr<\/p>\n\n\",\"title\":\"05.12.\"}},{\"type\":\"table_item\",\"props\":{\"content\":\"\n\n<p>Weihnachtsfeier in den Gruppen<\/p>\n\n\",\"title\":\"22.12.\"}},{\"type\":\"table_item\",\"props\":{\"content\":\"\n\n<p>Kindergarten schlie\u00dft um 13 Uhr<\/p>\n\n\",\"title\":\"23.12.\"}},{\"type\":\"table_item\",\"props\":{\"content\":\"\n\n<p><span style=\\\"color: red;\\\"><strong>Weihnachtsferien - Kindergarten geschlossen<\/strong><\/span><\/p>\n\n\",\"title\":\"24.12. - 31.12.\"}}],\"name\":\"Dezember\"},{\"type\":\"table\",\"props\":{\"image_svg_color\":\"emphasis\",\"link_style\":\"default\",\"link_text\":\"Read more\",\"margin_bottom\":\"large\",\"margin_top\":\"large\",\"meta_style\":\"text-meta\",\"show_content\":true,\"show_image\":true,\"show_link\":true,\"show_meta\":true,\"show_title\":true,\"table_head_title\":\"Januar 2026\",\"table_hover\":true,\"table_justify\":false,\"table_order\":\"1\",\"table_responsive\":\"overflow\",\"table_size\":\"small\",\"table_style\":\"striped\",\"table_width_meta\":\"shrink\",\"table_width_title\":\"shrink\"},\"children\":[{\"type\":\"table_item\",\"props\":{\"content\":\"\n\n<p><span style=\\\"color: red;\\\"><strong>Weihnachtsferien - Kindergarten geschlossen<\/strong><\/span><\/p>\n\n\",\"title\":\"01.01. - 06.01.\"}},{\"type\":\"table_item\",\"props\":{\"content\":\"\n\n<p>Erster Kindergartentag nach den Weihnachtsferien<\/p>\n\n\",\"title\":\"07.01.\"}},{\"type\":\"table_item\",\"props\":{\"content\":\"\n\n<p>Tag der offenen T\u00fcre von 15 bis 17 Uhr<\/p>\n\n\",\"title\":\"30.01.\"}}],\"name\":\"Januar\"},{\"type\":\"table\",\"props\":{\"image_svg_color\":\"emphasis\",\"link_style\":\"default\",\"link_text\":\"Read more\",\"margin_bottom\":\"large\",\"margin_top\":\"large\",\"meta_style\":\"text-meta\",\"show_content\":true,\"show_image\":true,\"show_link\":true,\"show_meta\":true,\"show_title\":true,\"table_head_title\":\"Februar 2026\",\"table_hover\":true,\"table_justify\":false,\"table_order\":\"1\",\"table_responsive\":\"overflow\",\"table_size\":\"small\",\"table_style\":\"striped\",\"table_width_meta\":\"shrink\",\"table_width_title\":\"shrink\"},\"children\":[{\"type\":\"table_item\",\"props\":{\"content\":\"\n\n<p>Faschingsfeier im Kindergarten<\/p>\n\n\",\"title\":\"12.02.\"}},{\"type\":\"table_item\",\"props\":{\"content\":\"\n\n<p>Prinzenpaar kommt\u00a0 in den Kindergarten<\/p>\n\n\",\"title\":\"13.02.\"}},{\"type\":\"table_item\",\"props\":{\"content\":\"\n\n<p>Faschingsferien - Feriendienst im Kindergarten<\/p>\n\n\",\"title\":\"16.02. - 20.02.\"}},{\"type\":\"table_item\",\"props\":{\"content\":\"\n\n<p>Faschingsdienstag - Kindergarten schlie\u00dft um 12 Uhr<\/p>\n\n\",\"title\":\"17.02.\"}}],\"name\":\"Februar\"},{\"type\":\"table\",\"props\":{\"image_svg_color\":\"emphasis\",\"link_style\":\"default\",\"link_text\":\"Read more\",\"margin_bottom\":\"large\",\"margin_top\":\"large\",\"meta_style\":\"text-meta\",\"show_content\":true,\"show_image\":true,\"show_link\":true,\"show_meta\":true,\"show_title\":true,\"table_head_title\":\"M\u00e4rz 2026\",\"table_hover\":true,\"table_justify\":false,\"table_order\":\"1\",\"table_responsive\":\"overflow\",\"table_size\":\"small\",\"table_style\":\"striped\",\"table_width_meta\":\"shrink\",\"table_width_title\":\"shrink\"},\"children\":[{\"type\":\"table_item\",\"props\":{\"content\":\"\n\n<p>Oma &amp; Opa Nachmittag von 15 - 17 Uhr - <strong>Kindergarten schlie\u00dft um 13 Uhr<\/strong><\/p>\n\n\",\"title\":\"13.03.\"}},{\"type\":\"table_item\",\"props\":{\"content\":\"\n\n<p>Osterfeier in den Gruppen<\/p>\n\n\",\"title\":\"26.03.\"}}],\"name\":\"M\u00e4rz \"},{\"type\":\"table\",\"props\":{\"image_svg_color\":\"emphasis\",\"link_style\":\"default\",\"link_text\":\"Read more\",\"margin_bottom\":\"large\",\"margin_top\":\"large\",\"meta_style\":\"text-meta\",\"show_content\":true,\"show_image\":true,\"show_link\":true,\"show_meta\":true,\"show_title\":true,\"table_head_title\":\"April 2026\",\"table_hover\":true,\"table_justify\":false,\"table_order\":\"1\",\"table_responsive\":\"overflow\",\"table_size\":\"small\",\"table_style\":\"striped\",\"table_width_meta\":\"shrink\",\"table_width_title\":\"shrink\"},\"children\":[{\"type\":\"table_item\",\"props\":{\"content\":\"\n\n<p>Osterferien - Feriendienst im Kindergarten<\/p>\n\n\",\"title\":\"30.03. - 10.04.\"}}],\"name\":\"April\"},{\"type\":\"table\",\"props\":{\"image_svg_color\":\"emphasis\",\"link_style\":\"default\",\"link_text\":\"Read more\",\"margin_bottom\":\"large\",\"margin_top\":\"large\",\"meta_style\":\"text-meta\",\"show_content\":true,\"show_image\":true,\"show_link\":true,\"show_meta\":true,\"show_title\":true,\"table_head_title\":\"Mai 2026\",\"table_hover\":true,\"table_justify\":false,\"table_order\":\"1\",\"table_responsive\":\"overflow\",\"table_size\":\"small\",\"table_style\":\"striped\",\"table_width_meta\":\"shrink\",\"table_width_title\":\"shrink\"},\"children\":[{\"type\":\"table_item\",\"props\":{\"content\":\"\n\n<p><span style=\\\"color: red;\\\"><strong>Kindergarten geschlossen<\/strong><\/span><\/p>\n\n\",\"title\":\"01.05.\"}},{\"type\":\"table_item\",\"props\":{\"content\":\"\n\n<p>Maifest Beginn 15 Uhr<\/p>\n\n\\n\n\n<p>Kindergarten schlie\u00dft an diesem Tag um 13 Uhr<\/p>\n\n\",\"title\":\"22.05.\"}},{\"type\":\"table_item\",\"props\":{\"content\":\"\n\n<p>Pfingstferien Feriendienst Kindergarten hat ge\u00f6ffnet<\/p>\n\n\",\"title\":\"26.05. - 29.05.\"}}],\"name\":\"Mai\"},{\"type\":\"table\",\"props\":{\"image_svg_color\":\"emphasis\",\"link_style\":\"default\",\"link_text\":\"Read more\",\"margin_bottom\":\"large\",\"margin_top\":\"large\",\"meta_style\":\"text-meta\",\"show_content\":true,\"show_image\":true,\"show_link\":true,\"show_meta\":true,\"show_title\":true,\"table_head_title\":\"Juni 2026\",\"table_hover\":true,\"table_justify\":false,\"table_order\":\"1\",\"table_responsive\":\"overflow\",\"table_size\":\"small\",\"table_style\":\"striped\",\"table_width_meta\":\"shrink\",\"table_width_title\":\"shrink\"},\"children\":[{\"type\":\"table_item\",\"props\":{\"content\":\"\n\n<p><span style=\\\"color: red;\\\"><strong>Pfingstferien - Kindergarten hat geschlossen<\/strong><\/span><\/p>\n\n\",\"title\":\"01.06 - 05.06\"}},{\"type\":\"table_item\",\"props\":{\"content\":\"\n\n<p>Ausflug<\/p>\n\n\",\"title\":\"\"}}],\"name\":\"Juni\"},{\"type\":\"table\",\"props\":{\"image_svg_color\":\"emphasis\",\"link_style\":\"default\",\"link_text\":\"Read more\",\"margin_bottom\":\"large\",\"margin_top\":\"large\",\"meta_style\":\"text-meta\",\"show_content\":true,\"show_image\":true,\"show_link\":true,\"show_meta\":true,\"show_title\":true,\"table_head_title\":\"Juli 2026\",\"table_hover\":true,\"table_justify\":false,\"table_order\":\"1\",\"table_responsive\":\"overflow\",\"table_size\":\"small\",\"table_style\":\"striped\",\"table_width_meta\":\"shrink\",\"table_width_title\":\"shrink\"},\"children\":[{\"type\":\"table_item\",\"props\":{\"content\":\"\n\n<p>Betriebsausflug der Gemeinde Au<\/p>\n\n\",\"title\":\"\"}},{\"type\":\"table_item\",\"props\":{\"content\":\"\n\n<p>Abschlussfeier der Vorsch\u00fcler mit \u00dcbernachtung im Kindergarten<\/p>\n\n\",\"title\":\"23.07.\"}},{\"type\":\"table_item\",\"props\":{\"content\":\"\n\n<p><span style=\\\"color: red;\\\"><strong>Der Kindergarten hat f\u00fcr alle Nicht-Vorsch\u00fcler geschlossen<\/strong><\/span><\/p>\n\n\",\"title\":\"24.07.\"}},{\"type\":\"table_item\",\"props\":{\"content\":\"\n\n<p>Abschlussgottesdienst mit allen Eltern<\/p>\n\n\",\"title\":\"30.07.\"}}],\"name\":\"Juli\"},{\"type\":\"table\",\"props\":{\"image_svg_color\":\"emphasis\",\"link_style\":\"default\",\"link_text\":\"Read more\",\"margin_bottom\":\"large\",\"margin_top\":\"large\",\"meta_style\":\"text-meta\",\"show_content\":true,\"show_image\":true,\"show_link\":true,\"show_meta\":true,\"show_title\":true,\"table_head_title\":\"August 2026\",\"table_hover\":true,\"table_justify\":false,\"table_order\":\"1\",\"table_responsive\":\"overflow\",\"table_size\":\"small\",\"table_style\":\"striped\",\"table_width_meta\":\"shrink\",\"table_width_title\":\"shrink\"},\"children\":[{\"type\":\"table_item\",\"props\":{\"content\":\"\n\n<p>Kindergarten schlie\u00dft um 13 Uhr<\/p>\n\n\",\"title\":\"04.08\"}},{\"type\":\"table_item\",\"props\":{\"content\":\"\n\n<p><span style=\\\"color: red;\\\"><strong>Sommerferien - Kindergarten geschlossen<\/strong><\/span><\/p>\n\n\",\"title\":\"05.08. - 31.08.\"}}],\"name\":\"August\"},{\"type\":\"table\",\"props\":{\"image_svg_color\":\"emphasis\",\"link_style\":\"default\",\"link_text\":\"Read more\",\"margin_bottom\":\"large\",\"margin_top\":\"large\",\"meta_style\":\"text-meta\",\"show_content\":true,\"show_image\":true,\"show_link\":true,\"show_meta\":true,\"show_title\":true,\"table_head_title\":\"September 2026\",\"table_hover\":true,\"table_justify\":false,\"table_order\":\"1\",\"table_responsive\":\"overflow\",\"table_size\":\"small\",\"table_style\":\"striped\",\"table_width_meta\":\"shrink\",\"table_width_title\":\"shrink\"},\"children\":[{\"type\":\"table_item\",\"props\":{\"content\":\"\n\n<p>Erster Kindergartentag im neuen Kindergartenjahr<\/p>\n\n\",\"title\":\"01.09.\"}}],\"name\":\"September\"},{\"type\":\"headline\",\"props\":{\"content\":\"Sonstige Termine\",\"image_align\":\"left\",\"image_margin\":\"xsmall\",\"title_element\":\"h2\"}},{\"type\":\"text\",\"props\":{\"column_breakpoint\":\"m\",\"content\":\"\n\n<ul>\\n\n\n<li>Zahnarztbesuch<\/li>\n\n\\n\n\n<li>Verkehrserziehung mit Polizei<\/li>\n\n\\n\n\n<li>Feuerwehrbesuch<\/li>\n\n\\n\n\n<li>Fotowoche<\/li>\n\n\\n<\/ul>\n\n\",\"margin_bottom\":\"default\",\"margin_top\":\"default\",\"maxwidth\":\"2xlarge\"}},{\"type\":\"text\",\"props\":{\"column_breakpoint\":\"m\",\"content\":\"\n\n<p style=\\\"text-align: center;\\\"><strong>Termin\u00e4nderungen k\u00f6nnen m\u00f6glich sein.<\/strong><\/p>\n\n\\n\n\n\n\n\\n\n\n<p style=\\\"text-align: center;\\\"><strong>An gesetzlichen Feiertagen ist der Kindergarten geschlossen.<\/strong><\/p>\n\n\",\"margin_bottom\":\"default\",\"margin_top\":\"default\",\"text_color\":\"danger\",\"text_style\":\"large\"}},{\"type\":\"button\",\"props\":{\"grid_column_gap\":\"small\",\"grid_row_gap\":\"small\",\"margin_bottom\":\"default\",\"margin_top\":\"default\",\"status\":\"disabled\"},\"children\":[{\"type\":\"button_item\",\"props\":{\"button_style\":\"secondary\",\"content\":\"Unsere Termine 2021\/2022\",\"dialog_layout\":\"modal\",\"dialog_offcanvas_flip\":true,\"icon\":\"download\",\"icon_align\":\"left\",\"link\":\"wp-content\/uploads\/sites\/4\/2022\/09\/Kindergartentermine-2021-2022.pdf\",\"link_target\":true}}]}]}]},{\"type\":\"row\",\"children\":[{\"type\":\"column\",\"props\":{\"image_position\":\"center-center\",\"position_sticky_breakpoint\":\"m\"},\"children\":[{\"type\":\"headline\",\"props\":{\"content\":\"Schlie\u00dftage\",\"image_align\":\"left\",\"image_margin\":\"xsmall\",\"status\":\"disabled\",\"title_element\":\"h2\"}},{\"type\":\"button\",\"props\":{\"grid_column_gap\":\"small\",\"grid_row_gap\":\"small\",\"margin_bottom\":\"default\",\"margin_top\":\"default\",\"status\":\"disabled\"},\"children\":[{\"type\":\"button_item\",\"props\":{\"button_style\":\"secondary\",\"content\":\"Unsere Schlie\u00dftage\",\"dialog_layout\":\"modal\",\"dialog_offcanvas_flip\":true,\"icon\":\"download\",\"icon_align\":\"left\",\"link\":\"wp-content\/uploads\/sites\/4\/2022\/09\/Schliesstage-Kindergarten-Vogelhoelzl-21-22.pdf\",\"link_target\":true}}]}]}]},{\"type\":\"row\",\"children\":[{\"type\":\"column\",\"props\":{\"image_position\":\"center-center\",\"position_sticky_breakpoint\":\"m\"},\"children\":[{\"type\":\"headline\",\"props\":{\"content\":\"Ferienregelung\",\"image_align\":\"left\",\"image_margin\":\"xsmall\",\"title_element\":\"h2\"}},{\"type\":\"text\",\"props\":{\"column_breakpoint\":\"m\",\"content\":\"\n\n<p>Schlie\u00dfungstage werden zu Beginn des Kindergartenjahres schriftlich an alle Eltern bekannt gegeben und liegen im Kindergarten aus. Im August haben wir 3-4 Wochen Sommerferien und die Weihnachtsferien sind in der Regel den Schulferien angeglichen. Der Kindergarten ist in beiden F\u00e4llen geschlossen.<\/p>\n\n\",\"margin_bottom\":\"default\",\"margin_top\":\"default\",\"maxwidth\":\"2xlarge\"}}]}]}],\"name\":\"Termine25-26\"}],\"version\":\"5.0.12\",\"yooessentialsVersion\":\"2.3.12\"} --><\/p>\n","protected":false},"excerpt":{"rendered":"<p>Termine September 2025 09.09 Erster Kindergartentag 29.09. Elternabend mit Vorschulelternabend und EV-Wahl &#8211; ab 19 Uhr Oktober 2025 03.10. Tag der deutschen Einheit &#8211; Kindergarten geschlossen 06.10. Erntedankfest in den [&hellip;]<\/p>\n","protected":false},"author":4,"featured_media":0,"parent":0,"menu_order":0,"comment_status":"closed","ping_status":"closed","template":"","meta":{"footnotes":""},"class_list":["post-879","page","type-page","status-publish","hentry"],"publishpress_future_action":{"enabled":false,"date":"2026-05-02 10:22:11","action":"change-status","newStatus":"draft","terms":[],"taxonomy":"","extraData":[]},"publishpress_future_workflow_manual_trigger":{"enabledWorkflows":[]},"_links":{"self":[{"href":"https:\/\/markt-au.de\/am-vogelhoelzl\/wp-json\/wp\/v2\/pages\/879","targetHints":{"allow":["GET"]}}],"collection":[{"href":"https:\/\/markt-au.de\/am-vogelhoelzl\/wp-json\/wp\/v2\/pages"}],"about":[{"href":"https:\/\/markt-au.de\/am-vogelhoelzl\/wp-json\/wp\/v2\/types\/page"}],"author":[{"embeddable":true,"href":"https:\/\/markt-au.de\/am-vogelhoelzl\/wp-json\/wp\/v2\/users\/4"}],"replies":[{"embeddable":true,"href":"https:\/\/markt-au.de\/am-vogelhoelzl\/wp-json\/wp\/v2\/comments?post=879"}],"version-history":[{"count":24,"href":"https:\/\/markt-au.de\/am-vogelhoelzl\/wp-json\/wp\/v2\/pages\/879\/revisions"}],"predecessor-version":[{"id":1065,"href":"https:\/\/markt-au.de\/am-vogelhoelzl\/wp-json\/wp\/v2\/pages\/879\/revisions\/1065"}],"wp:attachment":[{"href":"https:\/\/markt-au.de\/am-vogelhoelzl\/wp-json\/wp\/v2\/media?parent=879"}],"curies":[{"name":"wp","href":"https:\/\/api.w.org\/{rel}","templated":true}]}}